12/15*(-1 - 9/v). Let z(m) = -146*m + 3. Is z(d) prime?
False
Suppose -2*m + 2 = 0, 2*z - 3*m = 39 + 8. Suppose 5*k - v - z = 3*v, -k + 4*v = -21. Is (83/k)/(4/44) a composite number?
True
Let j = 12323 - 7909. Is j a composite number?
True
Suppose -3 + 6 = i, 3234 = 5*j - 2*i. Let z = 1499 - j. Is z prime?
False
Let n = -9854 - -3891. Let b = 10144 + n. Is b prime?
False
Let g(f) = -3521*f**3 - 5*f**2 - 20*f - 93. Is g(-4) composite?
True
Suppose 63 = 4*w - 3*w. Suppose 4*g = 4*q - 256, 18*q - 2*g - w = 17*q. Is q a composite number?
True
Suppose -2*i + 46 = 2*j, 5*i - 121 = j - 24. Suppose -4*n - 12 + i = 0, -2*k - 3*n = -416. Is k prime?
False
Let k(y) = -291*y + 55. Let c(d) = -146*d + 27. Let s(m) = 7*c(m) - 4*k(m). Is s(21) a prime number?
False
Is (-50540163)/(-803) + 4/(-22) prime?
True
Suppose -677433 = -2*v - l + 889857, -3*v + 2350945 = 4*l. Is v a prime number?
False
Suppose 0 = 3*h + 4*v + 91606 - 5143303, 4*h - v = 6735539. Is h a composite number?
False
Suppose 0 = -312*t + 317*t - 25. Suppose 4*x - 72066 = -5*d + 29163, 4*d + t*x = 80985. Is d a prime number?
False
Let k(c) = -3724*c - 14. Let j(i) = 745*i + 3. Let z(n) = 11*j(n) + 2*k(n). Let h be z(2). Suppose 0 = -2*u + o + 604, -4*u - u - 3*o = -h. Is u prime?
False
Let c(g) = g**3 + 8*g**2 - 22*g - 25. Let h be c(-10). Suppose 7*k + 7 - 28 = 0. Is k + 17/h - (-2707)/5 a composite number?
False
Suppose -1825 + 11401 = 12*k. Let y = k - 47. Is y composite?
False
Let z(a) = 25 + 4*a - 9 - 8 - 7. Let u be z(1). Suppose 0*b = u*b - 425. Is b composite?
True
Let i = 1081288 - 612637. Is i a composite number?
True
Let b(v) = 5 - v - 28*v**2 + 146*v**2 + 21*v**2 + 6*v. Is b(-2) a composite number?
True
Suppose -173 = 4*g + r, 7*r = 3*g + 4*r + 111. Let u be ((-4)/7)/(6/g). Suppose -u*l = -2*c + 114, 0*l = -3*c + 3*l + 174. Is c a composite number?
False
Suppose -2*w - 5*t = -413428, 3*w - 84731 - 535372 = -t. Is w a prime number?
True
Let b(y) = -y**2 + 17*y - 25. Let w be b(15). Suppose 5*g = -5*l + 30, -w*g + 4*l + 5 = 2. Is 1/(g/((-22332)/14884) + 2) composite?
False
Let f(s) = 16*s - 79. Let i be f(7). Suppose g - i = 230. Is g a composite number?
False
Let m(q) = 156501*q**3 - 29*q**2 - 2*q + 3. Is m(1) composite?
True
Suppose 5*r = 4*r + 112. Suppose -r = -o + 35. Let n = 8 + o. Is n prime?
False
Suppose 0 = -3*s - 0*l - 2*l - 93, l = 4*s + 135. Let c = -28 - s. Suppose z - 391 = -c*i, 4*z - 2*i - 926 = 638. Is z a composite number?
True
Suppose 7265347 + 2343446 + 7077425 = 38*g. Is g a composite number?
True
Suppose b - 6*b + 1988 = -4*q, q + 500 = 2*b. Let h be (-196)/28 - (-1 + 913). Let i = q - h. Is i a composite number?
True
Let a = -1399 + 5675. Suppose -12*r - 688 = -724. Suppose 7*i - a = r*i. Is i a composite number?
False
Let y = 8837738 - 6266383. Is y a prime number?
False
Suppose 8*u - 67100 = -4*o + 9*u, -67108 = -4*o + 2*u. Is o a prime number?
False
Suppose 316665 = 3*h + v + v, 5*h + 4*v - 527777 = 0. Suppose 3*z + h = 20*z. Is z prime?
False
Let r(p) = -23*p - 1278. Is r(-57) a prime number?
False
Let w = 149301 + -70255. Let a = w - 55587. Is a composite?
False
Let f = 94 + -99. Is 1464 + (-7 - (f - -1)) a composite number?
True
Suppose 0 = -5*t + 15, g - 23 = 5*t + 25. Is (-118140 + g)*(14/(-6) - -2) a composite number?
False
Let g be (-18)/42 - (-4)/(-7). Let b be 255 - (-1 + -1 + g). Suppose 3*v - 123 = b. Is v composite?
False
Let u(c) = -12*c**2 + 4*c**2 - 5 - 235*c**3 + 13*c**2 + 3*c + c**2. Is u(-3) prime?
False
Let r(w) = -4571*w. Let g be r(1). Let k = g + 6635. Suppose k = 6*j + 654. Is j a composite number?
True
Suppose 4*d - 267469 = q, 11*d - 4*d - 468062 = 3*q. Is d a composite number?
True
Let j(t) = 271*t**2 + 49*t - 169. Is j(16) a prime number?
True
Let b = -2 - -1. Let m be 42/21*(1 - b). Is -1543*(-1 - (m + -4)) prime?
True
Suppose 0 = -7*s - 3*v + 3329, s - v = -2*s + 1429. Let c = -252 + 362. Suppose s = 2*t - c. Is t a prime number?
True
Suppose 7*n + 10 = 52. Suppose 6 + n = 4*h. Suppose -2*w + 2395 = h*w. Is w a prime number?
True
Let m be 6/(-15) - (-2)/(10/27). Suppose -4*l - 12 = -0*b - 4*b, -m*l + 30 = 4*b. Suppose l*c - 522 = 5*z, -5*z = -4*z + 4. Is c a prime number?
True
Let m(x) = 2476*x - 1565. Is m(6) a prime number?
True
Let v(y) = -86*y - 187. Let k(p) = 42*p + 94. Let q(o) = -5*k(o) - 3*v(o). Is q(18) a prime number?
False
Let l(s) = s**3 + 4*s**2 - 6*s - 3. Let g be l(-7). Let i = g + 110. Is i/((-9)/(27/(-6)))*2327 a composite number?
True
Suppose 0 = 5*d - m, -5*m = 3*d + 2*d. Is (6 - (19 - 8)) + 23098 + d a prime number?
False
Let v(z) = 1272*z + 3125. Is v(13) composite?
False
Suppose -4*i = 4*s - 708460, -3*i - 120*s + 531339 = -118*s. Is i composite?
False
Let h = 838 - 1261. Let p be (2 - 5)*(0 + h). Let r = -850 + p. Is r composite?
False
Let p = -364 - -370. Suppose 0 = -5*f + 10, o + 3*f - 37 = p*f. Is o a prime number?
True
Let h = 1785981 - 880568. Is h a composite number?
False
Let j(g) = 9*g + 1. Let t be j(7). Suppose 4*i - t + 163 = f, 3*i - 71 = -f. Suppose 0 = -y + 3*y - 3*n - f, 0 = 4*y - 2*n - 154. Is y a composite number?
False
Let c = 23336 - 16185. Is c prime?
True
Let x(d) = d**2 + 2*d - 3. Let m be x(0). Let b(t) = -t - 3. Let j be b(m). Is 3 + j - -289 - -3 a composite number?
True
Suppose 304*x + 880291 = 312*x + 22715. Is x a composite number?
False
Let s(n) = 133*n**3 + 2*n**2 - 2*n + 1. Let u be s(1). Let c = 10 - u. Let l = c + 221. Is l a composite number?
False
Suppose -3*b + 17 = o, 5*o + 4*b = o + 28. Is (-12714)/(-24) + o + (-5)/(-4) a composite number?
True
Suppose 3*y - 3378075 = -9*q, 2*y - 5*y = -4*q + 1501358. Is q a prime number?
True
Is (9/12)/(54/504) - -64774 composite?
False
Let v = 16 - 4. Let i(m) = 5*m**2 - 113*m - 466. Let n be i(-4). Is (((-3152)/v)/2)/((-4)/n) composite?
True
Let i(x) = -x**2 - 41*x + 1289. Is i(-48) a composite number?
False
Let g = -28 + 485. Is (-5)/(2741/g - 6) composite?
True
Let c(q) = -q + 1. Let s(b) = 133*b**2 - b + 5. Let f(g) = -3*c(g) + s(g). Suppose 1 = -39*x + 38*x. Is f(x) prime?
False
Suppose -3*s + 4*s = 3*t + 1470280, -4*s + 5881055 = t. Is s a composite number?
True
Let a(x) = -x**2 - 2*x + 8. Let s be a(0). Suppose 5*o + r - 105681 = 0, -13*o = -s*o + 2*r - 105677. Is o composite?
True
Suppose -10*n + 2878416 = -234024. Suppose 17*z - n = 150085. Is z a prime number?
False
Suppose -37*o - 209390 = -39*o + 2*c, 418748 = 4*o + 4*c. Is o prime?
False
Let l be 122/4*(-1 + 23). Let d be 15174/(-33) + (-2)/11. Let m = l + d. Is m a prime number?
True
Let l(g) = -25*g**3 + 4*g**2 + 4*g. Let o be l(-1). Let a = -16 + o. Suppose 0 = a*w - 6*w - 9777. Is w a prime number?
True
Suppose -10*k + 573978 + 1966401 = -522011. Is k prime?
True
Let m = -30114 - -76290. Suppose -9*y + 6*y = 2*x - 69283, -2*y + 5*x = -m. Is y a prime number?
False
Let r = 434195 - 36502. Is r composite?
True
Let b(p) = -p**3 + 13*p**2 + 3*p - 37. Let l be b(13). Let r(n) = 84*n**3 - 2*n**2 - 6*n + 7. Is r(l) a composite number?
False
Let w = -49 - -145. Is -2*(32/w + (-81130)/12) a prime number?
False
Suppose -2*y = -5*a + 162, a + 2*a + 5*y - 91 = 0. Suppose 2*h = 5*o + a, 2*h = o - 0 + 16. Is (-2951)/(-26) - (-1 + h/4) a prime number?
True
Suppose -13*j - j + 327838 = -0*j. Is j a prime number?
True
Let z(y) = 11*y - 25. Let l be z(13). Let b = -123 + l. Let i(d) = -5*d**3 + 10*d**2 - 7*d - 3. Is i(b) prime?
True
Suppose 11*v - 13*v + 2*t = -64, 3*v - 66 = -3*t. Suppose -v*d + 71328 + 69990 = 0. Is d a prime number?
False
Let n = -59723 + 91174. Is n a composite number?
True
Suppose -2 + 0 = 2*r + 5*n, -4*r + 10 = 3*n. Is -1419*164/(-180) - r/(-30) prime?
False
Let c(o) = -29 - 13 - 394*o - 16 + 15. Is c(-6) a composite number?
True
Let l(t) = 17*t**2 + 9*t + 11. Let d(s) = -15*s**2 - 7*s - 12. Let q(j) = -6*d(j) - 5*l(j). Is q(12) a composite number?
False
Let o be (-2 - (-38 + 0))*(-9)/9. Let d = -33 - o. Suppose -m + 0*q + 2895 = -5*q, -d*q = 3*m - 8649. Is m a composite number?
True
Suppose -4*b + 2*y = 23090 - 7416, 2*b + 5*y + 7867 = 0. Let q = b - -11638. Is q a prime number?
True
Suppose 3*h = o + 352981, -h - 4*o + 90317 = -27352. Is h a composite number?
True
Let i = 138458 - -75129. Is i prime?
False
Suppose 0 = -0*f - 10*f - 10. Is f*778*(-3)/6 c